es 196 divide 350808799?
False
Does 982 divide 93234404?
False
Is 193120260 a multiple of 2815?
True
Is 58 a factor of 13011546?
True
Is 898221504 a multiple of 15?
False
Is 1147986880 a multiple of 13?
False
Is 90049860 a multiple of 466?
False
Is 147 a factor of 93602544?
True
Does 3118 divide 148826040?
False
Is 396736174 a multiple of 314?
True
Is 457 a factor of 271597147?
False
Does 2037 divide 854880661?
False
Is 375 a factor of 9438370?
False
Is 120574895 a multiple of 3941?
True
Does 17 divide 526000859?
True
Does 5306 divide 477331278?
False
Is 182 a factor of 8521422?
True
Is 59715137 a multiple of 11?
False
Does 10 divide 11837386?
False
Is 569034710 a multiple of 315?
False
Is 212874473 a multiple of 109?
False
Is 815 a factor of 847259330?
True
Does 308 divide 2091826663?
False
Does 490 divide 1221369590?
True
Does 6642 divide 396729675?
False
Is 441335115 a multiple of 407?
False
Is 4 a factor of 7009880?
True
Does 9 divide 40097638?
False
Does 33 divide 107659101?
True
Does 1026 divide 171766125?
False
Does 104 divide 323883560?
True
Is 244640 a multiple of 695?
True
Is 68563652 a multiple of 162?
False
Is 1061159507 a multiple of 81?
False
Is 2713515 a multiple of 215?
True
Does 2092 divide 625215120?
True
Does 528 divide 53999665?
False
Does 28 divide 1867568565?
False
Is 16 a factor of 11609443?
False
Is 155 a factor of 8817485?
True
Is 13618220 a multiple of 91?
False
Does 2956 divide 201138064?
True
Is 26 a factor of 1457195950?
False
Is 13938153 a multiple of 35?
False
Does 1879 divide 160521541?
False
Is 343072840 a multiple of 11?
True
Is 33 a factor of 76814265?
True
Does 214 divide 33041724?
False
Does 786 divide 340021826?
False
Does 1693 divide 404894494?
True
Does 5 divide 951897090?
True
Is 306993159 a multiple of 891?
True
Is 180 a factor of 520019100?
True
Is 110 a factor of 1903990?
True
Is 422258318 a multiple of 3002?
True
Is 364216853 a multiple of 5369?
True
Is 9799527 a multiple of 11?
False
Does 32 divide 33982656?
True
Is 8712886 a multiple of 13?
True
Is 236527800 a multiple of 8?
True
Does 10 divide 2347680970?
True
Is 1276164 a multiple of 59?
False
Is 13221598 a multiple of 637?
False
Is 175466822 a multiple of 3137?
False
Is 42696819 a multiple of 99?
True
Is 171770030 a multiple of 10?
True
Does 94 divide 13869808?
False
Is 129 a factor of 26824328?
False
Does 16 divide 226806204?
False
Does 3095 divide 2295032127?
False
Is 560043337 a multiple of 35?
False
Is 134134 a multiple of 67?
True
Is 6033 a factor of 615462528?
True
Is 33401976 a multiple of 6?
True
Is 605338894 a multiple of 963?
False
Does 2547 divide 577292832?
True
Is 12474448 a multiple of 6?
False
Is 182 a factor of 114042292?
True
Does 12 divide 37347612?
True
Does 358 divide 27356692?
False
Is 174851786 a multiple of 1028?
False
Is 14 a factor of 4233684?
True
Does 915 divide 203393520?
True
Is 49298150 a multiple of 550?
True
Is 397 a factor of 355693738?
True
Is 657087332 a multiple of 9?
False
Is 14 a factor of 88346440?
True
Is 32546330 a multiple of 106?
False
Does 19 divide 76210387?
True
Is 54859807 a multiple of 177?
False
Is 98 a factor of 163049852?
True
Does 7806 divide 81971014?
False
Is 3366 a factor of 2595095476?
False
Is 3934 a factor of 64869327?
False
Is 148 a factor of 35878752?
True
Is 380412640 a multiple of 10?
True
Is 2458759486 a multiple of 2138?
False
Does 263 divide 10359833?
True
Is 905532614 a multiple of 3835?
False
Is 40 a factor of 63374043?
False
Does 696 divide 339889512?
True
Is 16 a factor of 64693408?
True
Does 743 divide 853521367?
False
Is 156210635 a multiple of 7?
True
Is 232242759 a multiple of 8421?
True
Is 1448842668 a multiple of 52?
True
Does 1666 divide 290163585?
False
Does 20 divide 227724560?
True
Is 311107280 a multiple of 11?
True
Is 23 a factor of 90880779?
False
Is 602 a factor of 9676475?
False
Does 5954 divide 279022302?
True
Is 118 a factor of 502916530?
False
Is 6089536 a multiple of 58?
True
Does 238 divide 55709136?
True
Is 1155945074 a multiple of 16?
False
Does 152 divide 1544523680?
True
Is 4170114 a multiple of 639?
True
Does 3907 divide 152913724?
False
Is 48419451 a multiple of 153?
True
Is 3819679864 a multiple of 88?
True
Is 657426104 a multiple of 307?
False
Is 1096 a factor of 990968128?
True
Does 1791 divide 805603620?
False
Does 1017 divide 7569531?
True
Does 14 divide 20932135?
False
Is 144931392 a multiple of 2584?
True
Does 253 divide 120316174?
True
Is 34226712 a multiple of 221?
True
Does 14 divide 95282166?
True
Is 2960 a factor of 431627200?
True
Is 550543604 a multiple of 13?
True
Is 3037698691 a multiple of 134?
False
Is 15 a factor of 770082270?
True
Does 191 divide 1582230958?
False
Is 10 a factor of 1042036295?
False
Is 654 a factor of 3591705866?
False
Does 136 divide 61402368?
True
Does 158 divide 4659827?
False
Is 8899 a factor of 1164282867?
True
Is 119 a factor of 2230001214?
True
Is 6264 a factor of 924479390?
False
Is 26 a factor of 3570664?
False
Is 20 a factor of 84263200?
True
Does 394 divide 79274770?
True
Is 212573893 a multiple of 15?
False
Does 8 divide 2651256?
True
Does 371 divide 50076467?
True
Is 26214759 a multiple of 333?
True
Is 41 a factor of 2363917853?
True
Is 828073842 a multiple of 1027?
False
Is 93 a factor of 30940077?
True
Is 3686 a factor of 3403494144?
False
Does 57 divide 40976730?
True
Does 1010 divide 14469410?
False
Does 1170 divide 23084100?
True
Does 1480 divide 3411684160?
True
Is 388244197 a multiple of 5672?
False
Is 16790594 a multiple of 206?
False
Is 527 a factor of 783095123?
True
Is 12 a factor of 249094752?
True
Does 8 divide 359229498?
False
Is 4 a factor of 1498392335?
False
Is 66 a factor of 843075270?
False
Does 79 divide 199796767?
True
Is 948 a factor of 316057867?
False
Is 12 a factor of 12179532?
True
Is 12 a factor of 170785128?
True
Is 1333 a factor of 1189382580?
True
Is 175 a factor of 790332198?
False
Is 11 a factor of 825962002?
False
Is 1030 a factor of 2420951140?
True
Is 189921226 a multiple of 38?
True
Is 1791 a factor of 61095313?
False
Is 264 a factor of 68623368?
True
Is 704 a factor of 619010711?
False
Is 4022 a factor of 214847196?
True
Is 9361379 a multiple of 2?
False
Is 3517505496 a multiple of 17?
True
Is 301350890 a multiple of 58?
True
Is 224 a factor of 361455060?
False
Is 591985757 a multiple of 11?
True
Is 3400 a factor of 2350018380?
False
Is 2126524104 a multiple of 8488?
True
Does 15 divide 598872375?
True
Is 935732075 a multiple of 5148?
False
Is 63 a factor of 32689298?
False
Is 1364 a factor of 11202825?
False
Is 1063 a factor of 411473192?
False
Is 223260432 a multiple of 41?
False
Is 1123 a factor of 17302061?
True
Does 84 divide 189930859?
False
Does 7617 divide 592000386?
False
Is 318650043 a multiple of 25?
False
Is 1350 a factor of 99839526?
False
Is 167883753 a multiple of 57?
True
Does 92 divide 454060399?
False
Is 939367371 a multiple of 7?
False
Does 358 divide 58200019?
False
Is 540729968 a multiple of 668?
True
Is 21087684 a multiple of 12?
True
Is 645344135 a multiple of 1696?
False
Is 5376011 a multiple of 137?
False
Does 18 divide 7313517?
False
Is 737 a factor of 20695822?
False
Is 81 a factor of 1574478?
True
Is 19 a factor of 12934725?
True
Does 46 divide 70909076?
False
Does 948 divide 46599684?
False
Is 227 a factor of 73744355?
True
Is 22088219 a multiple of 82?
False
Does 23 divide 50359190?
True
Is 22664536 a multiple of 61?
False
Is 827 a factor of 7405571?
False
Is 649613303 a multiple of 8?
False
Is 10715915 a multiple of 7?
True
Is 5152184172 a multiple of 1026?
True
Does 1053 divide 1094137194?
False
Is 320316066 a multiple of 21?
True
Does 47 divide 101029?
False
Is 60 a factor of 179449335?
False
Is 2099307 a multiple of 28?
False
Does 2462 divide 467088178?
True
Is 39236680 a multiple of 7?
True
Is 6987435 a multiple of 21?
True
Is 201481291 a multiple of 166?
False
Is 18723900 a multiple of 15?
True
Is 4258493928 a multiple of 13?
True
Does 46 divide 34708575?
False
Is 72 a factor of 93022272?
True
Is 1808072431 a multiple of 5?
False
Is 10 a factor of 3739425?
False
Is 8 a factor of 4163840?
True
Is 1449715466 a multiple of 35?
False
Is 597 a factor of 18487014?
False
Is 651 a factor of 130045046?
False
Does 37 divide 1606164043?